first derivative of -4/3*y**3 + 1/4*y**4 + 1 - 7/2*y**2 + 2*y. Determine s(5).
-8
Let s(n) be the second derivative of n**3/6 + 9*n**2/2 - 52*n. Calculate s(-13).
-4
Let l be 0/(21/(-105)*5). Let r(x) = x**3 - 4*x**2 + 5*x. Let q(y) = -2*y**3 + 7*y**2 - 9*y + 1. Let d(f) = 4*q(f) + 7*r(f). Give d(l).
4
Let r(c) be the second derivative of -c**5/10 + c**4/4 - c**2/2 + 118*c. What is r(2)?
-5
Suppose -12 = -7*k - 5*k. Let b(f) = -2*f - k - 72*f**2 + 73*f**2 + 5*f - 5*f. Determine b(4).
7
Let d(w) = 2*w**2 + 6*w + 14. Let f(h) = -h**2. Let x(c) = d(c) + 3*f(c). Let u be x(8). Let s(p) = -6*p + 1. Determine s(u).
13
Let q(r) = r**2 - 21*r - 26. Let x be q(22). Let m(o) = -2*o - 14. Calculate m(x).
-6
Let l(v) be the first derivative of 11 - v - 1/4*v**4 - 3/2*v**2 + 2*v**3. Let h = 8 + -3. Give l(h).
9
Suppose -3*z = -2*z + 1. Let b(n) = 6*n**2 + 1674*n + 1679*n - 1 - 3355*n. Determine b(z).
7
Suppose -21 = -9*q - 3. Let m(z) = 31*z + z**3 + 2*z**2 - 33*z - 2*z**3. Calculate m(q).
-4
Let s(y) = -2*y**3 - 3*y**2 - y. Suppose w = -2 - 0. What is s(w)?
6
Suppose 0*f + 2*y - 22 = -4*f, -3*f + 3*y + 3 = 0. Let o(d) be the third derivative of -d**4/12 - 18*d**2. Give o(f).
-8
Let g(a) = 10*a - 5. Let h be g(0). Let j(s) = -3*s - 3. Calculate j(h).
12
Let r be (-50)/(-30)*(-1 - -4). Let f be 270/25*r*-1. Let h be 6/27 - 42/f. Let s(l) = 2*l - 1. Calculate s(h).
1
Let v(z) = -z**3 + 3*z**2 + 6*z - 3. Suppose -3 + 3 = -14*a. Let i = 4 - a. What is v(i)?
5
Let x(l) = -l - 1. Let n(j) = -8. Let u(i) = n(i) - x(i). Calculate u(7).
0
Let g(u) be the second derivative of -u**3/3 + 6*u**2 + 4*u. Let x be 4/4*((0 - -2) + 6). Give g(x).
-4
Let n(d) = -3*d**2 + 3*d + 2. Let b(t) = 5*t**2 - 8*t - 6. Let x(m) = -4*b(m) - 7*n(m). Give x(-8).
-14
Let f be (-6)/(-27) - 160/(-9). Let n be -5 + f + (1 - 4). Let k(i) = -i**2 + 12*i - 14. Let j be k(n). Let w(a) = a - 9. Calculate w(j).
-3
Let m(g) = 12 - 3 - 9 - g**3 - 4 + 2*g + 7*g**2. What is m(7)?
10
Let m(y) be the third derivative of y**3 + 0*y + 1/12*y**4 + 1/15*y**5 + 0 + 21*y**2 - 1/120*y**6. Determine m(5).
-9
Suppose -1 - 7 = 2*s. Let x(j) be the third derivative of -j**4/24 - j**3/2 - 4*j**2. Determine x(s).
1
Let n be (20/(-30))/(2/(-15)). Suppose 4*c + 1 = n. Let i(b) be the first derivative of b**4/4 - b**3/3 - b**2/2 + b - 8. What is i(c)?
0
Let k(v) be the first derivative of -5/2*v**2 - 1/4*v**4 + 7/3*v**3 + 0*v - 16. Give k(6).
6
Let h(c) = c**2 - 7*c + 5. Suppose 2*f + 0*f + y - 52 = 0, y - 108 = -4*f. Suppose 14*o - f = 7*o. Determine h(o).
-7
Let h(u) = u**2 + 11*u + 12. Let y be h(-10). Suppose -g - 4*s + 27 = 0, -8 = y*g - 3*s - 51. Let m(x) = 0*x + 22*x**2 - g*x**2 - 3*x. What is m(-2)?
2
Let k(u) = -u**2 - u - 1. Let m(v) = 7*v**2 + 8*v + 6. Let w(o) = 6*k(o) + m(o). Let r(n) = -n**2 - 3*n + 8. Let z be r(-5). What is w(z)?
0
Let h(c) = 9 + 20*c - 9 - 62*c - 3 + 4. What is h(-1)?
43
Suppose 10 = 5*i + 30. Let n(b) = -b**3 - 3*b**2 + 6*b + 4. Let d be n(i). Let w(g) = 0*g + 20 - 54 + 21 + 18 + 5*g - 2*g. Calculate w(d).
-7
Suppose -6*t + 20 = -t. Suppose 3*q - 9 = -t*h - 0*q, 3*h - q = -3. Let n(g) = -g**2 - g + 18. Determine n(h).
18
Let z(y) = -y + 20. Let o = -532 + 546. What is z(o)?
6
Let v(l) = l. Suppose -c + 3 - 6 = 0. Let k be (c/(-9))/((-1)/3). What is v(k)?
-1
Let c = 0 + 1. Let v(q) be the first derivative of 7*q**4/2 + 2*q**3/3 - q - 46. Determine v(c).
15
Let t(u) = 4*u - 1. Let s be 160/(-76) - (-6)/57. Calculate t(s).
-9
Let g(h) = 5 + 5 + 11*h - 7*h**2 - 2*h**3 - 3*h + h**3. Let c be (-63)/7 + (-1 - -2). Determine g(c).
10
Let n(y) be the first derivative of y**3/3 - y**2 + 12*y - 9. Let t(r) be the first derivative of n(r). Determine t(5).
8
Let d be (-20)/(-9) - 8/36. Let o(p) = -2*p**2 - 2*p - 1. Determine o(d).
-13
Let h(g) = g + 4. Suppose -3 = 4*x + 13. Let w be (-3)/(x - 39/(-12)). Suppose 0 - 14 = 3*n - 5*i, -4*n + w*i - 16 = 0. Give h(n).
1
Suppose -24*q - 48*q = -1224. Let p(g) = -g**2 + 17*g - 11. Calculate p(q).
-11
Let m(f) = -3*f - 22. Let w(c) = 10*c + 65. Let p(g) = -11*m(g) - 4*w(g). Let y(t) = -4*t - 9. Let q(l) = -3*p(l) + 5*y(l). What is q(-10)?
-1
Let p be -1*(-88)/((-48)/6). Let z(k) = k**3 + 10*k**2 - 11*k + 9. Determine z(p).
9
Let o(j) = -j**3 - 3*j**2 + 4*j + 3. Suppose 3*s - 60 = 39. Let i = 29 - s. Determine o(i).
3
Let w be 5 + (0 + 2)/(38/(-152)). Let o(q) = 5*q**2 - 3*q**3 - q**2 - 4*q + 4*q**3. Give o(w).
21
Let d be 1 - (3 + 0 + -2). Let u(k) = -2*k - k**2 + d*k + 2*k. Let s be 2/(-1 - -3) + -3. Determine u(s).
-4
Let l(x) be the third derivative of 7*x**6/120 + x**4/12 - x**3/6 - 111*x**2. Determine l(1).
8
Let z(d) be the third derivative of d**6/120 - d**5/12 + d**4/6 - 7*d**3/6 - 1094*d**2. Suppose 2*n = 3*n - 5. Calculate z(n).
13
Let b be 15/4*7*4/210. Let i(k) be the first derivative of -12 + 5*k - b*k**2. Determine i(6).
-1
Let k(o) = -o. Let m be k(5). Let f(j) = -j. Suppose -5*s - 4 = -3*p, p + 2*p - 13 = -4*s. Let r(a) = -a**2 - 4*a - 6. Let y(t) = s*r(t) + 2*f(t). Give y(m).
-1
Let i(r) = r**3 + 3*r**2. Let d(m) = -2*m**2 - 11*m - 2. Let n be d(-2). Let y be 18/n*(-8)/3. Determine i(y).
-16
Let h(t) = t**2 - 3*t + 2. Let k(z) = z**2 - 2*z + 2. Let j(y) = -5*h(y) + 6*k(y). Suppose 0 = 2*p + w - 11, -2*p - 4*w + 23 = -p. Give j(p).
20
Let h(o) be the first derivative of 2*o**2 - 2*o**3 + 5*o + 1/4*o**4 + 7. Give h(5).
0
Let s(g) = -77 - g**2 - 32*g + 23 + 26. What is s(-31)?
3
Let h be (12/(-8))/(6/12). Let c be (-14)/42 + 11/h. Let n(v) = -v**2 - v - 1. Give n(c).
-13
Let o(f) = -2*f + 79 - 27 - 31 - 26. Give o(-6).
7
Let m(y) be the third derivative of -y**6/120 - y**5/12 - 5*y**3/6 - 297*y**2. What is m(-3)?
-23
Let f(n) = n**3 + 21*n**2 + 11. Let p(v) = 1. Let l(d) = -f(d) + 4*p(d). Determine l(-21).
-7
Let o(h) be the first derivative of -h**3 - 3*h**2/2 + 2*h - 15. Let a(p) = -p**2 + p + 1. Let b(q) = -4*a(q) + o(q). Determine b(5).
-12
Let z(b) = b + 8. Let o(f) be the second derivative of f**4/24 - f**3/2 - 6*f. Let c(h) be the second derivative of o(h). Let v(q) = -3*c(q) - z(q). Give v(-5).
-6
Suppose 4 = 3*p - p. Suppose -24 = -2*s - p*s. Let j(m) be the third derivative of -m**6/120 + 7*m**5/60 - 7*m**4/24 - m**3 + 3*m**2. Determine j(s).
-12
Let l(d) = d**3 - 3*d**2 - 8*d + 10. Suppose 5*u = 7 + 3. Suppose 0*f = -u*f + 8. Let y be l(f). Let b(v) = v + 7. Determine b(y).
1
Suppose t = -5, -t - 30 = -4*f - 5. Let b(g) be the second derivative of 0*g**4 - 1/20*g**f + 1/6*g**3 - 5*g + 0 + 3*g**2. Give b(0).
6
Let v(a) = a**2 - 8*a - 10. Suppose 5*j = -4*y + 37, -31*y + 34*y - 5*j - 19 = 0. Give v(y).
-10
Let w(o) = o**3 - 8*o**2 + 7*o - 8. Let s be (-30)/(-6) + ((-8)/4)/(-2). Calculate w(s).
-38
Let b(h) = -3*h + 3. Let z(o) = -o. Let s(t) = b(t) - 4*z(t). Let v be 6/(-4) - 9/6. Give s(v).
0
Let x(y) = -2*y**2 - 73*y**3 + y**2 - y + 34*y**3 - 8 + 38*y**3. What is x(0)?
-8
Let c(r) = 2*r - 14. Let x(j) = -j + 5. Let l(f) = -4*c(f) - 10*x(f). What is l(5)?
16
Let v be (-8)/((-3)/24*2). Let w(c) = v + c - 18 - 17. Give w(0).
-3
Let c(p) = -p**3 - 7*p**2 + 2*p - 7. Suppose -25*w + 48*w = -161. Determine c(w).
-21
Let g(t) = -t - 1. Let v(b) = -4*b - 4. Let i(s) = -7*g(s) + 2*v(s). Let j = -274 + 279. Give i(j).
-6
Let j = -1145 - -1137. Let b(a) = -a**2 - 12*a - 14. Give b(j).
18
Let w be (3/2)/((-4)/8). Let y be -33 + (-4 + -1 - w). Let j be 10/y + (-46)/(-14). Let f(r) = -3*r**2 + 2*r + 4. Give f(j).
-17
Let z(t) be the first derivative of t**3/3 - 3*t**2/2 - 11*t + 11. Let k be z(-3). Let v(m) = m**2 - 7*m - 7. What is v(k)?
-7
Let v = -3096 + 3094. Let s(f) = -f**3 - 3*f**2 + 1. What is s(v)?
-3
Let j(t) = 13 + 580*t**2 - 5 + 11*t + 11 - 579*t**2. Calculate j(-10).
9
Let p be (-2 - 32)*(-4)/(-8). Let k = p + 16. Let u be (-4 + 4)/(k - 0). Let d(i) = i**2 - i - 7. Determine d(u).
-7
Let o(u) = -u**2 + 14*u - 10. Let l be o(13). Let a(x) = l - 60*x - 57*x + 118*x. What is a(3)?
6
Suppose 0*u + 5*p = -3*u + 22, -3*u - 2*p + 16 = 0. Let k = u - 0. Let n(y) = 95 - 193 + 103 - 3*y. Determine n(k).
-7
Suppose 4*l + 11 - 55 = -4*b, 2 = -3*l + 4*b. Suppose q + 3*d = 8, -3*d + 3 = q - 5*d. Let y(j) = -j**2 + 4 + 2*j**2 - 6*j - q - 3. Calculate y(l).
-4
Let o(k) be the first derivative of -k**2/2 - 18*k - 99. Calculate o(13).
-31
Let r(k